hat is the remainder when 125 is divided by f?
29
Let h(w) = -1 + 23*w - 2 - 8*w - 1. What is the remainder when h(4) is divided by 15?
11
Suppose -2 = -s, 0 = -2*g + 3*s - 8*s + 94. Suppose 3*v - 3*r = v - 16, 0 = 3*v + 5*r + 43. Let k = v + 26. Calculate the remainder when g is divided by k.
12
Suppose 4*i = -i + 20. What is the remainder when 46 is divided by (12/i)/(-3) + 25?
22
Let o(p) = -4*p**3 - 2. Calculate the remainder when o(-2) is divided by 8.
6
Let k(q) = 11*q + 6. What is the remainder when k(2) is divided by 6?
4
Let s be (5/10)/(1/(-4)). Let p be (-1)/s*8*2. What is the remainder when 186/8 - (-6)/p is divided by 13?
11
Let u(q) = 4*q**2 + 8*q + 4. What is the remainder when 29 is divided by u(-3)?
13
Let w = -18 - -20. Suppose 0 = -w*d + 3*d - 14. Suppose 4*g + y - 105 = 0, -24 = -g + 2*y - 0. What is the remainder when g is divided by d?
12
Let f(h) = h**2 + 2 - 4 + 12*h - 2 + 3. Let m(d) = -d. Let p(b) = -f(b) - 6*m(b). Calculate the remainder when p(-3) is divided by 4.
2
Let h be (19 + -4)*(-2)/(-2). Suppose 5*j - 2*c - h = 15, 5*j - 4*c = 20. Calculate the remainder when j is divided by 5.
3
Let z = -121 - -186. Calculate the remainder when z is divided by 22.
21
Let q(g) = -g**3 + 12*g**2 - 12*g + 25. What is the remainder when 40 is divided by q(11)?
12
Let y(k) = -k + 3. Let p(z) = -z**3 - z**2 - 6*z - 3. Let r be p(-4). Suppose -4*u + r = -19. Calculate the remainder when u is divided by y(-9).
10
Let g = 75 - 122. Let j = -22 - g. What is the remainder when 49 is divided by j?
24
Let c = 25 - 13. Let t = c - 20. Let w = t - -48. What is the remainder when w is divided by 14?
12
Let w = 25 - 14. What is the remainder when w is divided by 3?
2
Suppose -c = 2*v - 9, -3*c + 3*v - 20 = 2*c. Calculate the remainder when 10 is divided by ((-28)/(-35))/(c/(-5)).
2
Let r = 6 - 3. Let t = r + -1. Suppose -s - 5*c = -22, t*s + 2*s - 178 = -2*c. Calculate the remainder when s is divided by 12.
11
Let p be (-5)/2*(-2 - 0). Suppose -5*j = -p, -2*j - 2*j - 41 = -5*k. Calculate the remainder when k is divided by 5.
4
Let f be (6/(0 + -1))/1. Let a(q) = q**3 + 6*q**2 - 5*q. Suppose 7*i - 3*i - 64 = 0. What is the remainder when a(f) is divided by i?
14
Calculate the remainder when -2 + (7 - 3) + 0 + 193 is divided by 50.
45
Suppose 8*a - 60 - 172 = 0. Calculate the remainder when 113 is divided by a.
26
Let p be (-8)/(-4) + (-2 - -1). Let j(k) = 40*k. Let g be j(p). Suppose -2*o + g = 3*o. What is the remainder when 15 is divided by o?
7
Let t(h) = 2*h + 3. Let m be ((-6)/15)/((-2)/60). Suppose -b + 3*b + 3*k = m, 4*k = -5*b + 30. Calculate the remainder when t(4) is divided by b.
5
Let d(q) be the second derivative of q**4/12 - q**3/2 + q**2/2 + 2*q. What is the remainder when 20 is divided by d(5)?
9
Suppose 8*s + 3 = 11*s. What is the remainder when 4 is divided by s?
0
Let y = 0 + 15. What is the remainder when y is divided by 9?
6
Let d(h) = -h**3 - 11*h**2 - 10*h + 14. What is the remainder when d(-10) is divided by 8?
6
Suppose -v + 2 = -0*v. What is the remainder when 2 is divided by v?
0
Suppose 304 = 5*m - 6. What is the remainder when m is divided by 16?
14
Suppose -2*b = -3*b + 3. Suppose 0 = -b*f - 2*f + 45. Let r(u) = u - 5. Calculate the remainder when 11 is divided by r(f).
3
Suppose -12 = 7*a - 5*a. Let c = a + 20. Let u(v) = -v**3 - 7*v**2 - 3*v + 5. Calculate the remainder when u(-7) is divided by c.
12
Let u(s) = -s**2 + 4*s + 2. Let k be u(4). Suppose 7*z - k*z - 5*r = 130, 2*z - 52 = -2*r. What is the remainder when z is divided by 9?
8
Let i be 4/(0 + 2) + -3. What is the remainder when i - 2 - -2 - -28 is divided by (-3)/2*112/(-12)?
13
Let s(n) = n**3 - 5*n**2 - 23*n + 5. What is the remainder when s(9) is divided by 21?
17
Suppose -16 - 9 = -c + 3*z, 43 = 2*c + z. Calculate the remainder when 36 is divided by c.
14
Suppose -50 = -4*g + 6. What is the remainder when g is divided by 4?
2
Let h = -1 + 10. Let i = -55 - -1. Let g = i + 80. What is the remainder when g is divided by h?
8
Let g be ((-195)/(-6))/(2/4). Calculate the remainder when 1 is divided by (26/g)/(2/5).
0
Suppose 37*o = 41*o - 72. Calculate the remainder when o is divided by 2.
0
Let i(h) = -3*h**3 - h**2 + 1. Suppose -2 = -3*j - 4*y, j = -j - 5*y - 1. Let c be i(j). Calculate the remainder when (-708)/(-27) + 6/c is divided by 7.
5
Let r = -372 - -236. Let s = -83 - r. Let m = 59 - 41. Calculate the remainder when s is divided by m.
17
Suppose -3*z + 9*z = 252. Let j = z - 28. What is the remainder when j is divided by 5?
4
Suppose -3*m + 0*m - 2 = -2*p, 2*p + 2*m - 12 = 0. Suppose -p*v + 163 = -49. Calculate the remainder when v is divided by 14.
11
Let q(k) = -6*k + 13. Let o(r) = -7*r + 12. Let f(j) = 4*o(j) - 5*q(j). Calculate the remainder when f(12) is divided by 2.
1
Calculate the remainder when 51 is divided by (504/98)/(2/7).
15
Suppose -j - 3 + 6 = 0. Let l(v) = 7*v - 2. Let g be l(3). Suppose -2*w - 5*q = -1, 6*q = 5*w + 2*q - g. What is the remainder when j is divided by w?
0
Suppose -2*h = 2*x - 30, 0*h + 4*x = -3*h + 42. Calculate the remainder when h is divided by 5.
3
Let z = 18 - 6. Suppose 0 = -h + 5*h - 88. Calculate the remainder when h is divided by z.
10
Let x = -75 - -146. What is the remainder when 1 + (x + 1 - -4) is divided by 20?
17
Suppose 0 = -0*k + k - 14. Suppose g - 38 = 3. Calculate the remainder when g is divided by (-1 + 0)/(-1)*k.
13
Let z be 24*-1*2/(-4). Suppose 64 = 4*t + z. What is the remainder when 23 is divided by t?
10
Suppose -g + 13 = -2*m, -9 = -3*g + m + 35. What is the remainder when 27 is divided by g?
12
Let g = 85 - 53. Let t = 55 - g. Calculate the remainder when 44 is divided by t.
21
Suppose -8*x + 4*h + 29 = -3*x, 2*x - 4*h = 14. What is the remainder when (46/(-8) - -1)*-4 is divided by x?
4
Suppose 5*d - 548 = i, i + 224 = 2*d - i. What is the remainder when d is divided by 22?
21
Suppose 0 = -0*m - m + 9. Suppose m = c - 0*c. What is the remainder when c is divided by 6?
3
Calculate the remainder when (-382)/(-5) + 3/5 is divided by 13.
12
Let m = 10 - 14. Let d = m + 23. Suppose 2*a = -3 + d. What is the remainder when 22 is divided by a?
6
Let a = 35 + -19. Calculate the remainder when 47 is divided by a.
15
Let s(g) = g**2 + 2*g. What is the remainder when (-1 + 6)/(11/33) is divided by s(-4)?
7
Suppose 23 = d - 2*g, 3*d - 3*g = g + 77. What is the remainder when d is divided by 16?
15
Suppose -5*v + 140 = 30. Suppose 3*t - v = t. Calculate the remainder when 21 is divided by t.
10
Let c(b) = b**2 - 8*b - 15. Calculate the remainder when c(16) is divided by 29.
26
Suppose -5*m + 19 = -21. Calculate the remainder when 30 is divided by m.
6
Let s(m) = 4 + 0 + 3 - m. Suppose 2*q - 15 = -q. Calculate the remainder when q is divided by s(4).
2
Suppose -5*j - 11 + 5 = -4*s, 0 = -j + 3*s - 10. Suppose 0 = -2*f - 2*g + 6, 0*g - g - 3 = -j*f. Let u = 4 - -1. What is the remainder when u is divided by f?
1
Suppose -r + 46 = r - 5*v, 81 = 5*r - 4*v. What is the remainder when r is divided by 5?
3
Suppose 3*i + 9 - 24 = 0. Suppose -9 - 53 = -i*b - 4*q, 2*b + 5*q = 35. What is the remainder when 39 is divided by b?
9
Let i be (24/15)/((-6)/(-15)). Suppose -i*n + 8*n - 84 = 0. Calculate the remainder when n is divided by 6.
3
Suppose -4*y + 7*y = -9. Let p be (-46)/(-8) + y/(-12). Suppose -u + p*u = 20. What is the remainder when 9 is divided by u?
1
Let k be 2/(-1 + -1 - -4). Let r(l) = l**3 - 10*l**2 + 9*l + 8. What is the remainder when ((-14)/3)/(k/(-3)) is divided by r(9)?
6
Suppose c + 52 = 4*w, -2*w - 2*c + 36 = -0*c. Suppose 9 = r - w. What is the remainder when r is divided by 12?
11
Let y be -3*4/(-18)*12. Suppose 2*h = 6 + y. Suppose -5*t - d + 99 = -5*d, -3*d = 5*t - 92. What is the remainder when t is divided by h?
5
What is the remainder when 93 is divided by (1/((-21)/28))/((-2)/72)?
45
Suppose -3*w - 4*a + 9*a + 62 = 0, 0 = -4*w + a + 60. What is the remainder when 40 is divided by w?
12
Let r(n) = n**3 - 9*n**2 + 9*n - 12. Let x be r(8). Calculate the remainder when x*(-2)/4 + 7 is divided by 5.
4
Suppose 0 = 5*w + 4 - 14. Suppose w*n = -10, -y - 5*n = 4*y + 5. Calculate the remainder when y is divided by (-3)/2*8/(-6).
0
Suppose n + n = -2. Let q = n - -7. What is the 